 0*t = -5*q + 3*t + 5764, -3*t = 5*q - 5746. Is q a composite number?
False
Let h = -504 - -1045. Is h prime?
True
Let g(d) be the third derivative of -d**4/4 - d**3/3 + 2*d**2. Let y be g(-3). Is 2/(-7) + y/7 composite?
False
Suppose 0 = 4*p - 875 - 953. Is p a composite number?
False
Let r = 236 + -121. Is r prime?
False
Suppose -3*i + 282 = 45. Suppose 2*v + i = 3*v. Is v prime?
True
Let z be 0*(0 + (-3)/(-9)). Suppose z = -3*w + 178 + 935. Is w prime?
False
Suppose 4*s - 5*o - 1816 = 0, -4*o + 389 + 65 = s. Suppose -3*b + b - q = -233, -4*b + 2*q = -s. Is b prime?
False
Let a = -210 + 135. Let p(f) = -f**3 - 7*f + 2. Let u be p(5). Let n = a - u. Is n composite?
False
Suppose -5*n - v = 4*v, v + 8 = 3*n. Suppose n*x = -2*x + 308. Is x a composite number?
True
Let f(h) = h. Let g be f(9). Let s(a) = a**3 - 9*a**2 + 12*a - 11. Is s(g) composite?
False
Let f(p) = -5*p**3 + 5*p**2 - 4*p - 4. Let s be f(-4). Let o = 879 - s. Is o composite?
False
Let d = 211 + -136. Suppose 3*l - 72 = d. Is l a composite number?
True
Let n = 15 + -9. Is (381/n)/((-3)/(-6)) composite?
False
Suppose 0*j - 20 = -5*j. Suppose 3*d - 5 = j. Is d a composite number?
False
Is 20860/252 + (-4)/(-18) a prime number?
True
Suppose 3*a = 2*a + 1. Let k(t) = 0 - 12*t - 5*t - a + 5*t. Is k(-1) composite?
False
Let s(g) = 157*g**3 + 3*g**2 - 2*g. Is s(1) a prime number?
False
Suppose 13*y + 19863 - 157364 = 0. Is y a prime number?
False
Let s(m) = 8*m**2 + m + 1. Let w be s(-1). Is 80/1 - (w - 11) composite?
False
Let t = -147 + 578. Is t composite?
False
Let q = 6 - 2. Suppose q = -0*x + 2*x. Is x a prime number?
True
Is (-3 - -2 - 0)*-77 a prime number?
False
Let g = 74 - 69. Suppose -7*y = -2*y. Suppose g*v = -y*v + 115. Is v composite?
False
Let a be (-6)/4 - 3/(-2). Let n = a + -1. Is 0 - (2 - (-23)/n) composite?
True
Let y = 25 - 15. Let f be (-10)/(-25) + 166/y. Suppose 0 = 5*h - 7 + f, 4*h + 193 = 5*t. Is t prime?
True
Let x(i) = 90*i**2 - 9*i + 66. Is x(5) prime?
False
Let f(t) = 409*t**2 - 2*t - 2. Is f(-1) a composite number?
False
Let s be (-8)/(-20) - 99/(-15). Is (s/(-2))/((-3)/426) a prime number?
False
Let o be (1/(-3))/((-4)/24). Is o/(-7) + 5356/28 composite?
False
Let d(w) = 27*w + 4. Is d(3) prime?
False
Let h(p) = -6*p + 4 + 9 + 0. Let x(s) = s**3 + 4*s**2 - 4*s - 4. Let o be x(-5). Is h(o) composite?
False
Suppose 0 = -3*r + 418 + 1133. Is r prime?
False
Let q = -13 - -12. Is ((-7)/1)/(q/163) a composite number?
True
Suppose 2*g - 1737 = 2125. Is g a prime number?
True
Suppose -6*k = 4*k - 890. Is k prime?
True
Let z be 3*(1 - 3/9). Suppose 3*h - 336 = 3*v, -6*v - 576 = -5*h - 5*v. Suppose -5*c + 2*q + 290 = 0, -4*q - h = -z*c + q. Is c a composite number?
True
Let q = 101 - 67. Let o(t) = t**3 + 6*t**2 - t - 3. Let l be o(-6). Suppose l*n - q = 119. Is n a composite number?
True
Let s(v) = -v**3 + 11*v**2 + v - 1. Let b be s(11). Suppose 11*n = b*n + 166. Is n prime?
False
Suppose 3*v + 2*w = -2, -3*v = -3*w + 2*w - 1. Suppose 3*n + n - 228 = v. Is n a prime number?
False
Suppose 5*m - 2 = 2*c, -3*m + 3*c + 2 = -1. Suppose m*j - 3*j + 201 = 0. Let b = j + -44. Is b composite?
False
Let a be 2/(-10)*-2*10. Suppose 531 = -3*h + 6*h + 3*j, 0 = -a*j. Is h a prime number?
False
Let s be (-15 - -2)/((-3)/597). Suppose -3*p = -2*w - 2617, 2*p = -p - 4*w + s. Is p a prime number?
False
Let j = -382 - -777. Is j composite?
True
Is ((-1048)/32)/(1/(-28)) composite?
True
Let g(d) = d**3 - 13*d**2 + 6*d + 7. Let k = 1 - -12. Is g(k) composite?
True
Let v(p) = p + 2. Let h be v(-3). Let z = 3 + h. Suppose -3*d + 21 = l, z*d = l - 0*d - 21. Is l a prime number?
False
Let d(w) = 130*w**2 - w - 2. Is d(3) composite?
True
Suppose 0 = -d - 2*d + 105. Suppose 4*n = 5 + d. Is n a prime number?
False
Suppose -5*n + 3*u = 24, -3*u = 7*n - 2*n + 6. Let p(t) = 50*t**2 - 4*t - 2. Let z(l) = l**2 - l - 1. Let k(w) = n*z(w) + p(w). Is k(-2) prime?
True
Let c be (-2)/8 + (-39)/4. Suppose 25 = -4*z + 17. Is z/c - (-1362)/15 a composite number?
True
Let q = 6889 + -4740. Is q a composite number?
True
Let p(o) = -o + 5. Let m be p(3). Let w be m + -4 - (6 - 2). Let a(b) = -b - 3. Is a(w) prime?
True
Let u = 2785 - 1724. Is u composite?
False
Is 3 + 1 + -4 - -1477 a composite number?
True
Let t = 1523 - 1058. Suppose a + 2*a - t = 0. Is a prime?
False
Suppose -20 = -4*x, 3*a + 5*x = -0*a + 43. Let t(v) = 0*v - v + 3 + 3*v**3 - 2*v**3 - 4*v**2. Is t(a) a composite number?
True
Let z(u) = 5*u**2 + 3*u - 3. Let x be 2/8*6*-2. Let a be z(x). Suppose -5*y = -2*y - a. Is y composite?
False
Is 3*(-4)/6 - (-59 + 11) a composite number?
True
Suppose 33 = 4*x - 91. Is x a prime number?
True
Let n(w) = 88*w**2 - 4*w + 7. Is n(3) a prime number?
True
Suppose -148 = -2*y + 2*a, 5*a - 2*a - 198 = -3*y. Suppose -17 = b - y. Is b prime?
True
Let v(d) = 102*d + 3. Let u be v(5). Suppose 5*t = -4*a + u, t = -2 + 3. Is a a composite number?
False
Let m(y) = y**3 + 5*y**2 + 2*y - 5. Let q be m(-4). Suppose 0 = 2*d + q*d + 10. Is d*(-3 - (-50)/(-4)) a composite number?
False
Let l(i) = i**3 - 11*i**2 + 8*i + 1. Is l(11) prime?
True
Let u = -4 + 9. Suppose n = -k - n - 2, u*k - 5 = -5*n. Let v(i) = -i**3 + 9*i**2 - 3*i + 3. Is v(k) prime?
True
Let s be -3 + 1 + 6/3. Suppose -2*v - i = -106, -v + 5*i + s*i = -31. Is v prime?
False
Is (-1 - -2)*2/(-4)*-586 composite?
False
Suppose -3*k = 2*y - 887, 4*k - y + 3*y = 1180. Is k a composite number?
False
Suppose 16 = 5*b + n, 0*b + 2*b - 2*n = 4. Suppose -b*q = -2*p - 9 - 1, -25 = -3*q + 5*p. Suppose -2*y - 2*y + 220 = q. Is y a composite number?
True
Suppose 16 = 3*l - 2*i, 3*i = 4*l + 2*i - 23. Let u be 4/3*l*2. Suppose -c + 21 = -u. Is c composite?
False
Let m = 1041 + -164. Is m a prime number?
True
Suppose 5*b = 44 + 26. Suppose -s + b = -145. Is s composite?
True
Let u(h) = -13*h. Let w be u(-1). Suppose 2*o + 12 = -0*o. Let p = o + w. Is p prime?
True
Let r(t) = -128*t - 25. Is r(-6) prime?
True
Suppose 0 = -2*h + 46 + 2. Let z = -5 + h. Is z a prime number?
True
Let h be ((-5)/2)/(4/(-136)). Suppose h = 2*p + 23. Is p a prime number?
True
Is (0 - -3) + 235 + -3 composite?
True
Let r be (-1 - ((-2 - -3) + -3))*3. Let k = -2 - -84. Suppose -2*s = -2*z - k, 2*s = -r*z + 4*z + 78. Is s composite?
False
Let k be ((-7)/21)/((-1)/9). Suppose k*q - 3*t = 1419, -416 = -2*q - 2*t + 514. Is q a composite number?
True
Let x be 27/5 - (-6)/(-15). Suppose 5*q + x + 5 = 0, -t = q - 117. Is t prime?
False
Let g(d) = -d - d**3 + 0*d - d**2 + 0*d. Suppose -4*b = -5*u - 23, 5*b = 4*u - 14 + 36. Is g(u) a composite number?
True
Let h = 54 - 99. Suppose 2*v - 2*p - 80 = v, -150 = -2*v + 2*p. Let i = v - h. Is i a prime number?
False
Let c(z) = -4*z**3 - z**2 + 16*z + 7. Is c(-6) a prime number?
True
Let k = 1852 - 229. Is k a composite number?
True
Let d(v) = -5*v**2 - 1 + 2*v - 2*v + 5*v + v**3. Let l be d(4). Suppose 5*z - 20 = -5*q, -6 + 33 = l*q - 2*z. Is q a composite number?
False
Suppose 4*j = 4 + 16. Suppose 2*g - j*g = -753. Is g composite?
False
Suppose -4*f + 3*f = -2*u + 813, -3*f - 394 = -u. Is u prime?
True
Let m(z) = -78*z + 37. Is m(-16) prime?
False
Let s(m) be the third derivative of 127*m**4/24 + 2*m**2. Is s(1) a composite number?
False
Let v be ((-2)/4)/(10/(-120)). Is 1*309 + (-12)/v composite?
False
Let l be (-3)/(-6)*14 + -2. Suppose -l*g = -4*g - 15. Let r = g - -31. Is r composite?
True
Let o be 6/(-2) + 0 + 2. Let a be (320/(2*-1))/o. Suppose 0*n + 4 = n, 0 = 4*z + n - a. Is z a composite number?
True
Is -2 - -1 - 20*-3 prime?
True
Suppose -3*q + 24 = -33. Let n = q + 15. Let l = 71 - n. Is l a composite number?
False
Is (-3835)/20*-6 - (-1)/2 a composite number?
False
Let d = -310 + 1017. Is d a composite number?
True
Let g(z) = -111*z**3 + 3*z**2 + z - 2. Let r be g(2). Let s = r - -1235. Is s a composite number?
False
Suppose 3*l = -2 - 4, 2*z + 5*l = 0. Suppose 2*v = -d - 10, 0 = -z*d + 4*v - 2*v - 2. Is (0 - 3)/(d + 1) composite?
False
Suppose 4376 = 4*t - 6*f + f, 4*t - 4*f - 4380 = 0. Is t prime?
False
Let r(v) = v**2 + 5*v + 4. Let s be r(-4). Let j be ((-6)/3)/((-2)/12). Suppose 2*o + s - j = 0. Is o prime?
False
Let t(j) = 174*j**2 + 1. Is t(-2) composite?
True
Let m(g) = 34*g + 15. Is m(7) composite?
True
Let d = -25 + 204. Is d a pr